{"id":5844,"date":"2024-01-27T11:21:41","date_gmt":"2024-01-27T08:21:41","guid":{"rendered":"https:\/\/ozturkiselbiseleri.com\/?post_type=product&#038;p=5844"},"modified":"2024-01-27T11:21:41","modified_gmt":"2024-01-27T08:21:41","slug":"kargo-pantolon-reflektorlu","status":"publish","type":"product","link":"https:\/\/ozturkiselbiseleri.com\/?product=kargo-pantolon-reflektorlu","title":{"rendered":"Kargo Pantolon Reflekt\u00f6rl\u00fc"},"content":{"rendered":"<h3 class=\"theme-h3\">\u00dcr\u00fcn Bilgisi<\/h3>\n<div class=\"productcontentnk\">\n<ul>\n<li>\u00d6n\u00fc fermuarl\u0131<\/li>\n<li>Bel arkas\u0131 lastikli<\/li>\n<li>\u00d6n sa\u011f ve solda \u00fcstten cepler<\/li>\n<li>Yanlarda alet cebi ve kargo cep<\/li>\n<li>Her pa\u00e7ada reflektif bantlar<\/li>\n<\/ul>\n<p><b>Kuma\u015f:\u00a0<\/b>%100 Pamuk 275 gr \/m\u00b2<\/div>\n","protected":false},"excerpt":{"rendered":"<p>\u00dcr\u00fcn Bilgisi \u00d6n\u00fc fermuarl\u0131 Bel arkas\u0131 lastikli \u00d6n sa\u011f ve solda \u00fcstten cepler Yanlarda alet cebi ve kargo cep Her pa\u00e7ada reflektif bantlar Kuma\u015f:\u00a0%100 Pamuk&#8230;<\/p>\n","protected":false},"featured_media":5845,"comment_status":"open","ping_status":"closed","template":"","meta":[],"product_cat":[35,37],"product_tag":[],"_links":{"self":[{"href":"https:\/\/ozturkiselbiseleri.com\/index.php?rest_route=\/wp\/v2\/product\/5844"}],"collection":[{"href":"https:\/\/ozturkiselbiseleri.com\/index.php?rest_route=\/wp\/v2\/product"}],"about":[{"href":"https:\/\/ozturkiselbiseleri.com\/index.php?rest_route=\/wp\/v2\/types\/product"}],"replies":[{"embeddable":true,"href":"https:\/\/ozturkiselbiseleri.com\/index.php?rest_route=%2Fwp%2Fv2%2Fcomments&post=5844"}],"wp:featuredmedia":[{"embeddable":true,"href":"https:\/\/ozturkiselbiseleri.com\/index.php?rest_route=\/wp\/v2\/media\/5845"}],"wp:attachment":[{"href":"https:\/\/ozturkiselbiseleri.com\/index.php?rest_route=%2Fwp%2Fv2%2Fmedia&parent=5844"}],"wp:term":[{"taxonomy":"product_cat","embeddable":true,"href":"https:\/\/ozturkiselbiseleri.com\/index.php?rest_route=%2Fwp%2Fv2%2Fproduct_cat&post=5844"},{"taxonomy":"product_tag","embeddable":true,"href":"https:\/\/ozturkiselbiseleri.com\/index.php?rest_route=%2Fwp%2Fv2%2Fproduct_tag&post=5844"}],"curies":[{"name":"wp","href":"https:\/\/api.w.org\/{rel}","templated":true}]}}