{"id":5858,"date":"2024-01-27T11:27:07","date_gmt":"2024-01-27T08:27:07","guid":{"rendered":"https:\/\/ozturkiselbiseleri.com\/?post_type=product&#038;p=5858"},"modified":"2024-01-27T11:27:07","modified_gmt":"2024-01-27T08:27:07","slug":"erkek-pantolon-kanvas","status":"publish","type":"product","link":"https:\/\/ozturkiselbiseleri.com\/?product=erkek-pantolon-kanvas","title":{"rendered":"Erkek Pantolon Kanvas"},"content":{"rendered":"<h3 class=\"theme-h3\">\u00dcr\u00fcn Bilgisi<\/h3>\n<div class=\"productcontentnk\">\n<ul>\n<li>Fit form<\/li>\n<li>\u00d6n\u00fc fermuarl\u0131<\/li>\n<li>Yanlarda cepler<\/li>\n<li>Arkada kapakl\u0131 tek cep<\/li>\n<li>Sa\u011f bacak yan\u0131nda kapakl\u0131 kargo cep<\/li>\n<\/ul>\n<p><strong>Kuma\u015f:\u00a0<\/strong>Kanvas %100 Pamuk 230 gr \/m\u00b2<\/div>\n","protected":false},"excerpt":{"rendered":"<p>\u00dcr\u00fcn Bilgisi Fit form \u00d6n\u00fc fermuarl\u0131 Yanlarda cepler Arkada kapakl\u0131 tek cep Sa\u011f bacak yan\u0131nda kapakl\u0131 kargo cep Kuma\u015f:\u00a0Kanvas %100 Pamuk 230 gr \/m\u00b2<\/p>\n","protected":false},"featured_media":5859,"comment_status":"open","ping_status":"closed","template":"","meta":[],"product_cat":[35,37],"product_tag":[],"_links":{"self":[{"href":"https:\/\/ozturkiselbiseleri.com\/index.php?rest_route=\/wp\/v2\/product\/5858"}],"collection":[{"href":"https:\/\/ozturkiselbiseleri.com\/index.php?rest_route=\/wp\/v2\/product"}],"about":[{"href":"https:\/\/ozturkiselbiseleri.com\/index.php?rest_route=\/wp\/v2\/types\/product"}],"replies":[{"embeddable":true,"href":"https:\/\/ozturkiselbiseleri.com\/index.php?rest_route=%2Fwp%2Fv2%2Fcomments&post=5858"}],"wp:featuredmedia":[{"embeddable":true,"href":"https:\/\/ozturkiselbiseleri.com\/index.php?rest_route=\/wp\/v2\/media\/5859"}],"wp:attachment":[{"href":"https:\/\/ozturkiselbiseleri.com\/index.php?rest_route=%2Fwp%2Fv2%2Fmedia&parent=5858"}],"wp:term":[{"taxonomy":"product_cat","embeddable":true,"href":"https:\/\/ozturkiselbiseleri.com\/index.php?rest_route=%2Fwp%2Fv2%2Fproduct_cat&post=5858"},{"taxonomy":"product_tag","embeddable":true,"href":"https:\/\/ozturkiselbiseleri.com\/index.php?rest_route=%2Fwp%2Fv2%2Fproduct_tag&post=5858"}],"curies":[{"name":"wp","href":"https:\/\/api.w.org\/{rel}","templated":true}]}}