{"id":5862,"date":"2024-01-27T11:29:10","date_gmt":"2024-01-27T08:29:10","guid":{"rendered":"https:\/\/ozturkiselbiseleri.com\/?post_type=product&#038;p=5862"},"modified":"2024-01-27T11:29:10","modified_gmt":"2024-01-27T08:29:10","slug":"reflektorlu-is-guvenligi-montu-cift-renk","status":"publish","type":"product","link":"https:\/\/ozturkiselbiseleri.com\/?product=reflektorlu-is-guvenligi-montu-cift-renk","title":{"rendered":"Reflekt\u00f6rl\u00fc \u0130\u015f G\u00fcvenli\u011fi Montu \u00c7ift Renk"},"content":{"rendered":"<h3 class=\"theme-h3\">\u00dcr\u00fcn Bilgisi<\/h3>\n<div class=\"productcontentnk\">\n<p>T\u00fcm hava ko\u015fullar\u0131nda i\u015fe yarar ve konforlu koruma sa\u011flar. \u00c7\u0131kar\u0131labilir k\u00fcrk astar ve yakaya sahiptir. Ayn\u0131 zamanda fermuarla \u00e7\u0131kar\u0131labilen kollar\u0131 bulunur. \u0130ki y\u00f6nl\u00fc fermuar, r\u00fczgar kapaklar\u0131 ve bir \u00e7ok cebiyle her hava ko\u015fulunda yan\u0131n\u0131zda.<\/p>\n<ul>\n<li>CE Sertifikal\u0131<\/li>\n<li>Ekstra koruma sa\u011flayan bantl\u0131 destekli diki\u015fler<\/li>\n<li>G\u00f6r\u00fcn\u00fcrl\u00fc\u011f\u00fc artt\u0131ran reflektif bant<\/li>\n<li>\u00c7oklu kullan\u0131m\u0131 sa\u011flayan \u00e7\u0131kar\u0131labilir kollar ve k\u00fcrk yaka<\/li>\n<li>Ceket \u00e7oklu kullan\u0131m i\u00e7in \u00e7ift y\u00f6nl\u00fc giyilebilir<\/li>\n<li>Geni\u015f saklama i\u00e7in 8 cepli<\/li>\n<li>Kalem Cebi<\/li>\n<li>Kullan\u0131\u015fl\u0131 iki y\u00f6nl\u00fc fermuar<\/li>\n<li>\u00c7\u0131kar\u0131labilir ba\u015fl\u0131k<\/li>\n<li>\u00d6rg\u00fc man\u015fet ve alt yap\u0131<\/li>\n<\/ul>\n<p><strong>D\u0131\u015f Kuma\u015f:<\/strong>\u00a0%100 Polyester, 300D Oxford Dokuma, leke diren\u00e7li PU Kaplama.190g<br \/>\n<strong>Astar Kuma\u015f\u0131:<\/strong>\u00a0100% Polyester 60g<br \/>\n<strong>Dolgu Kuma\u015f\u0131<\/strong>: Kollar: %100 Polyester Dolgu 120g<\/p>\n<\/div>\n","protected":false},"excerpt":{"rendered":"<p>\u00dcr\u00fcn Bilgisi T\u00fcm hava ko\u015fullar\u0131nda i\u015fe yarar ve konforlu koruma sa\u011flar. \u00c7\u0131kar\u0131labilir k\u00fcrk astar ve yakaya sahiptir. Ayn\u0131 zamanda fermuarla \u00e7\u0131kar\u0131labilen kollar\u0131 bulunur. \u0130ki y\u00f6nl\u00fc&#8230;<\/p>\n","protected":false},"featured_media":5864,"comment_status":"open","ping_status":"closed","template":"","meta":[],"product_cat":[35,48],"product_tag":[],"_links":{"self":[{"href":"https:\/\/ozturkiselbiseleri.com\/index.php?rest_route=\/wp\/v2\/product\/5862"}],"collection":[{"href":"https:\/\/ozturkiselbiseleri.com\/index.php?rest_route=\/wp\/v2\/product"}],"about":[{"href":"https:\/\/ozturkiselbiseleri.com\/index.php?rest_route=\/wp\/v2\/types\/product"}],"replies":[{"embeddable":true,"href":"https:\/\/ozturkiselbiseleri.com\/index.php?rest_route=%2Fwp%2Fv2%2Fcomments&post=5862"}],"wp:featuredmedia":[{"embeddable":true,"href":"https:\/\/ozturkiselbiseleri.com\/index.php?rest_route=\/wp\/v2\/media\/5864"}],"wp:attachment":[{"href":"https:\/\/ozturkiselbiseleri.com\/index.php?rest_route=%2Fwp%2Fv2%2Fmedia&parent=5862"}],"wp:term":[{"taxonomy":"product_cat","embeddable":true,"href":"https:\/\/ozturkiselbiseleri.com\/index.php?rest_route=%2Fwp%2Fv2%2Fproduct_cat&post=5862"},{"taxonomy":"product_tag","embeddable":true,"href":"https:\/\/ozturkiselbiseleri.com\/index.php?rest_route=%2Fwp%2Fv2%2Fproduct_tag&post=5862"}],"curies":[{"name":"wp","href":"https:\/\/api.w.org\/{rel}","templated":true}]}}