{"id":5984,"date":"2024-01-27T12:08:04","date_gmt":"2024-01-27T09:08:04","guid":{"rendered":"https:\/\/ozturkiselbiseleri.com\/?post_type=product&#038;p=5984"},"modified":"2024-01-27T12:08:04","modified_gmt":"2024-01-27T09:08:04","slug":"antistatik-is-onlugu","status":"publish","type":"product","link":"https:\/\/ozturkiselbiseleri.com\/?product=antistatik-is-onlugu","title":{"rendered":"Antistatik \u0130\u015f \u00d6nl\u00fc\u011f\u00fc"},"content":{"rendered":"<h3 class=\"theme-h3\">\u00dcr\u00fcn Bilgisi<\/h3>\n<div class=\"productcontentnk\">\n<ul>\n<li>Fermuarl\u0131 kapama sistemi<\/li>\n<li>Y\u00fcksek yakal\u0131 (3,5 cm)<\/li>\n<li>Kol a\u011f\u0131zlar\u0131 ribanal\u0131 (5 cm)<\/li>\n<li>Yanlar\u0131 y\u0131rtma\u00e7l\u0131<\/li>\n<\/ul>\n<p><b>Standartlar:<\/b><br \/>\nEN ISO 13688<br \/>\nEN 1149-5<br \/>\n<b>Kuma\u015f:\u00a0<\/b>:%99 Polyester, % 1 Antistatik<\/div>\n","protected":false},"excerpt":{"rendered":"<p>\u00dcr\u00fcn Bilgisi Fermuarl\u0131 kapama sistemi Y\u00fcksek yakal\u0131 (3,5 cm) Kol a\u011f\u0131zlar\u0131 ribanal\u0131 (5 cm) Yanlar\u0131 y\u0131rtma\u00e7l\u0131 Standartlar: EN ISO 13688 EN 1149-5 Kuma\u015f:\u00a0:%99 Polyester, %&#8230;<\/p>\n","protected":false},"featured_media":5985,"comment_status":"open","ping_status":"closed","template":"","meta":[],"product_cat":[35,52],"product_tag":[],"_links":{"self":[{"href":"https:\/\/ozturkiselbiseleri.com\/index.php?rest_route=\/wp\/v2\/product\/5984"}],"collection":[{"href":"https:\/\/ozturkiselbiseleri.com\/index.php?rest_route=\/wp\/v2\/product"}],"about":[{"href":"https:\/\/ozturkiselbiseleri.com\/index.php?rest_route=\/wp\/v2\/types\/product"}],"replies":[{"embeddable":true,"href":"https:\/\/ozturkiselbiseleri.com\/index.php?rest_route=%2Fwp%2Fv2%2Fcomments&post=5984"}],"wp:featuredmedia":[{"embeddable":true,"href":"https:\/\/ozturkiselbiseleri.com\/index.php?rest_route=\/wp\/v2\/media\/5985"}],"wp:attachment":[{"href":"https:\/\/ozturkiselbiseleri.com\/index.php?rest_route=%2Fwp%2Fv2%2Fmedia&parent=5984"}],"wp:term":[{"taxonomy":"product_cat","embeddable":true,"href":"https:\/\/ozturkiselbiseleri.com\/index.php?rest_route=%2Fwp%2Fv2%2Fproduct_cat&post=5984"},{"taxonomy":"product_tag","embeddable":true,"href":"https:\/\/ozturkiselbiseleri.com\/index.php?rest_route=%2Fwp%2Fv2%2Fproduct_tag&post=5984"}],"curies":[{"name":"wp","href":"https:\/\/api.w.org\/{rel}","templated":true}]}}