{"id":5990,"date":"2024-01-27T12:10:58","date_gmt":"2024-01-27T09:10:58","guid":{"rendered":"https:\/\/ozturkiselbiseleri.com\/?post_type=product&#038;p=5990"},"modified":"2024-01-27T12:10:58","modified_gmt":"2024-01-27T09:10:58","slug":"cerva-emerton-siyah-is-pantolonu","status":"publish","type":"product","link":"https:\/\/ozturkiselbiseleri.com\/?product=cerva-emerton-siyah-is-pantolonu","title":{"rendered":"Cerva Emerton Siyah \u0130\u015f Pantolonu"},"content":{"rendered":"<h3 class=\"theme-h3\">\u00dcr\u00fcn Bilgisi<\/h3>\n<div class=\"productcontentnk\">\n<h4>Dayan\u0131kl\u0131 kuma\u015f\u0131 ve rahat kal\u0131b\u0131 ile harika bir i\u015f pantolonu!<\/h4>\n<ul>\n<li>Turuncu detaylar\u0131yla g\u00f6z al\u0131c\u0131 modern tasar\u0131m<\/li>\n<li>\u00c7al\u0131\u015f\u0131rken en \u00e7ok y\u0131pranan noktalar 600D polyesterle ekstra desteklenmi\u015ftir.<\/li>\n<li>\u00c7ift katl\u0131 g\u00fc\u00e7lendirilmi\u015f dizlik yuvalar\u0131<\/li>\n<li>Tamir aletleriniz i\u00e7in ask\u0131l\u0131k ve fonksiyonel cepler<\/li>\n<\/ul>\n<p><b>Standartlar:\u00a0<\/b>EN 340 &#8211; KORUYUCU G\u0130YECEKLER (Genel \u00d6zellikler)<b>Kuma\u015f:<\/b>\u00a0%35 Pamuk, %65 Polyester<\/p>\n<\/div>\n","protected":false},"excerpt":{"rendered":"<p>\u00dcr\u00fcn Bilgisi Dayan\u0131kl\u0131 kuma\u015f\u0131 ve rahat kal\u0131b\u0131 ile harika bir i\u015f pantolonu! Turuncu detaylar\u0131yla g\u00f6z al\u0131c\u0131 modern tasar\u0131m \u00c7al\u0131\u015f\u0131rken en \u00e7ok y\u0131pranan noktalar 600D polyesterle&#8230;<\/p>\n","protected":false},"featured_media":5991,"comment_status":"open","ping_status":"closed","template":"","meta":[],"product_cat":[35,42],"product_tag":[],"_links":{"self":[{"href":"https:\/\/ozturkiselbiseleri.com\/index.php?rest_route=\/wp\/v2\/product\/5990"}],"collection":[{"href":"https:\/\/ozturkiselbiseleri.com\/index.php?rest_route=\/wp\/v2\/product"}],"about":[{"href":"https:\/\/ozturkiselbiseleri.com\/index.php?rest_route=\/wp\/v2\/types\/product"}],"replies":[{"embeddable":true,"href":"https:\/\/ozturkiselbiseleri.com\/index.php?rest_route=%2Fwp%2Fv2%2Fcomments&post=5990"}],"wp:featuredmedia":[{"embeddable":true,"href":"https:\/\/ozturkiselbiseleri.com\/index.php?rest_route=\/wp\/v2\/media\/5991"}],"wp:attachment":[{"href":"https:\/\/ozturkiselbiseleri.com\/index.php?rest_route=%2Fwp%2Fv2%2Fmedia&parent=5990"}],"wp:term":[{"taxonomy":"product_cat","embeddable":true,"href":"https:\/\/ozturkiselbiseleri.com\/index.php?rest_route=%2Fwp%2Fv2%2Fproduct_cat&post=5990"},{"taxonomy":"product_tag","embeddable":true,"href":"https:\/\/ozturkiselbiseleri.com\/index.php?rest_route=%2Fwp%2Fv2%2Fproduct_tag&post=5990"}],"curies":[{"name":"wp","href":"https:\/\/api.w.org\/{rel}","templated":true}]}}