{"id":6382,"date":"2024-01-29T13:44:41","date_gmt":"2024-01-29T10:44:41","guid":{"rendered":"https:\/\/ozturkiselbiseleri.com\/?post_type=product&#038;p=6382"},"modified":"2024-01-29T13:44:41","modified_gmt":"2024-01-29T10:44:41","slug":"mfk-6246-kilitli-yatar-park-diregi-4-x-6-cm","status":"publish","type":"product","link":"https:\/\/ozturkiselbiseleri.com\/?product=mfk-6246-kilitli-yatar-park-diregi-4-x-6-cm","title":{"rendered":"MFK 6246 K\u0130L\u0130TL\u0130 YATAR PARK D\u0130RE\u011e\u0130 4 x 6 CM"},"content":{"rendered":"<h2>MFK 6246 TEKN\u0130K \u00d6ZELL\u0130KLER<\/h2>\n<table width=\"309\">\n<tbody>\n<tr>\n<td width=\"94\">Malzeme<\/td>\n<td width=\"8\">:<\/td>\n<td width=\"207\">Demir<\/td>\n<\/tr>\n<tr>\n<td>Alt \u00d6l\u00e7\u00fcler<\/td>\n<td>:<\/td>\n<td>12&#215;12 cm<\/td>\n<\/tr>\n<tr>\n<td>\u00dcst \u00d6l\u00e7\u00fcler<\/td>\n<td>:<\/td>\n<td>4&#215;6 cm<\/td>\n<\/tr>\n<tr>\n<td>Y\u00fckseklik<\/td>\n<td>:<\/td>\n<td>76 cm<\/td>\n<\/tr>\n<tr>\n<td>A\u011f\u0131rl\u0131k<\/td>\n<td>:<\/td>\n<td>2000 gr \u00b1\u00a0 250 gr<\/td>\n<\/tr>\n<tr>\n<td>Boya<\/td>\n<td>:<\/td>\n<td>P\u00fcr\u00fczs\u00fcz Elektrostatik Boya<\/td>\n<\/tr>\n<tr>\n<td>Renk<\/td>\n<td>:<\/td>\n<td>Sar\u0131<\/td>\n<\/tr>\n<tr>\n<td>Reflektif<\/td>\n<td>:<\/td>\n<td>1 Adet , Petekli<\/td>\n<\/tr>\n<tr>\n<td>Montaj<\/td>\n<td>:<\/td>\n<td>4 D\u00fcbel , 4 Vida<\/td>\n<\/tr>\n<\/tbody>\n<\/table>\n","protected":false},"excerpt":{"rendered":"<p>MFK 6246 TEKN\u0130K \u00d6ZELL\u0130KLER Malzeme : Demir Alt \u00d6l\u00e7\u00fcler : 12&#215;12 cm \u00dcst \u00d6l\u00e7\u00fcler : 4&#215;6 cm Y\u00fckseklik : 76 cm A\u011f\u0131rl\u0131k : 2000 gr&#8230;<\/p>\n","protected":false},"featured_media":6383,"comment_status":"open","ping_status":"closed","template":"","meta":[],"product_cat":[85,70],"product_tag":[],"_links":{"self":[{"href":"https:\/\/ozturkiselbiseleri.com\/index.php?rest_route=\/wp\/v2\/product\/6382"}],"collection":[{"href":"https:\/\/ozturkiselbiseleri.com\/index.php?rest_route=\/wp\/v2\/product"}],"about":[{"href":"https:\/\/ozturkiselbiseleri.com\/index.php?rest_route=\/wp\/v2\/types\/product"}],"replies":[{"embeddable":true,"href":"https:\/\/ozturkiselbiseleri.com\/index.php?rest_route=%2Fwp%2Fv2%2Fcomments&post=6382"}],"wp:featuredmedia":[{"embeddable":true,"href":"https:\/\/ozturkiselbiseleri.com\/index.php?rest_route=\/wp\/v2\/media\/6383"}],"wp:attachment":[{"href":"https:\/\/ozturkiselbiseleri.com\/index.php?rest_route=%2Fwp%2Fv2%2Fmedia&parent=6382"}],"wp:term":[{"taxonomy":"product_cat","embeddable":true,"href":"https:\/\/ozturkiselbiseleri.com\/index.php?rest_route=%2Fwp%2Fv2%2Fproduct_cat&post=6382"},{"taxonomy":"product_tag","embeddable":true,"href":"https:\/\/ozturkiselbiseleri.com\/index.php?rest_route=%2Fwp%2Fv2%2Fproduct_tag&post=6382"}],"curies":[{"name":"wp","href":"https:\/\/api.w.org\/{rel}","templated":true}]}}