{"id":6430,"date":"2024-01-29T14:06:13","date_gmt":"2024-01-29T11:06:13","guid":{"rendered":"https:\/\/ozturkiselbiseleri.com\/?post_type=product&#038;p=6430"},"modified":"2024-01-29T14:06:13","modified_gmt":"2024-01-29T11:06:13","slug":"mfk-6300-kompozit-sinir-elemani","status":"publish","type":"product","link":"https:\/\/ozturkiselbiseleri.com\/?product=mfk-6300-kompozit-sinir-elemani","title":{"rendered":"MFK 6300 KOMPOZ\u0130T SINIR ELEMANI"},"content":{"rendered":"<h2>MFK 6300 TEKN\u0130K \u00d6ZELL\u0130KLER<\/h2>\n<table width=\"309\">\n<tbody>\n<tr>\n<td width=\"94\">Malzeme<\/td>\n<td width=\"8\">:<\/td>\n<td width=\"207\">Demir<\/td>\n<\/tr>\n<tr>\n<td>Alt \u00d6l\u00e7\u00fcler<\/td>\n<td>:<\/td>\n<td>25&#215;25 cm<\/td>\n<\/tr>\n<tr>\n<td>Y\u00fckseklik<\/td>\n<td>:<\/td>\n<td>49 cm<\/td>\n<\/tr>\n<tr>\n<td>A\u011f\u0131rl\u0131k<\/td>\n<td>:<\/td>\n<td>9000 gr \u00b1 500 gr<\/td>\n<\/tr>\n<tr>\n<td>Boya<\/td>\n<td>:<\/td>\n<td>P\u00fcr\u00fczs\u00fcz Elektrostatik Boya<\/td>\n<\/tr>\n<tr>\n<td>Renk<\/td>\n<td>:<\/td>\n<td>Siyah<\/td>\n<\/tr>\n<tr>\n<td>Reflektif<\/td>\n<td>:<\/td>\n<td>Petekli<\/td>\n<\/tr>\n<tr>\n<td>Montaj<\/td>\n<td>:<\/td>\n<td>4 D\u00fcbel, 4 Vida<\/td>\n<\/tr>\n<\/tbody>\n<\/table>\n","protected":false},"excerpt":{"rendered":"<p>MFK 6300 TEKN\u0130K \u00d6ZELL\u0130KLER Malzeme : Demir Alt \u00d6l\u00e7\u00fcler : 25&#215;25 cm Y\u00fckseklik : 49 cm A\u011f\u0131rl\u0131k : 9000 gr \u00b1 500 gr Boya :&#8230;<\/p>\n","protected":false},"featured_media":6431,"comment_status":"open","ping_status":"closed","template":"","meta":[],"product_cat":[86,70],"product_tag":[],"_links":{"self":[{"href":"https:\/\/ozturkiselbiseleri.com\/index.php?rest_route=\/wp\/v2\/product\/6430"}],"collection":[{"href":"https:\/\/ozturkiselbiseleri.com\/index.php?rest_route=\/wp\/v2\/product"}],"about":[{"href":"https:\/\/ozturkiselbiseleri.com\/index.php?rest_route=\/wp\/v2\/types\/product"}],"replies":[{"embeddable":true,"href":"https:\/\/ozturkiselbiseleri.com\/index.php?rest_route=%2Fwp%2Fv2%2Fcomments&post=6430"}],"wp:featuredmedia":[{"embeddable":true,"href":"https:\/\/ozturkiselbiseleri.com\/index.php?rest_route=\/wp\/v2\/media\/6431"}],"wp:attachment":[{"href":"https:\/\/ozturkiselbiseleri.com\/index.php?rest_route=%2Fwp%2Fv2%2Fmedia&parent=6430"}],"wp:term":[{"taxonomy":"product_cat","embeddable":true,"href":"https:\/\/ozturkiselbiseleri.com\/index.php?rest_route=%2Fwp%2Fv2%2Fproduct_cat&post=6430"},{"taxonomy":"product_tag","embeddable":true,"href":"https:\/\/ozturkiselbiseleri.com\/index.php?rest_route=%2Fwp%2Fv2%2Fproduct_tag&post=6430"}],"curies":[{"name":"wp","href":"https:\/\/api.w.org\/{rel}","templated":true}]}}