{"id":6437,"date":"2024-01-29T14:10:35","date_gmt":"2024-01-29T11:10:35","guid":{"rendered":"https:\/\/ozturkiselbiseleri.com\/?post_type=product&#038;p=6437"},"modified":"2024-01-29T14:10:35","modified_gmt":"2024-01-29T11:10:35","slug":"mfk-6302-kilitli-cikar-direk","status":"publish","type":"product","link":"https:\/\/ozturkiselbiseleri.com\/?product=mfk-6302-kilitli-cikar-direk","title":{"rendered":"MFK 6302 K\u0130L\u0130TL\u0130 \u00c7IKAR D\u0130REK"},"content":{"rendered":"<h2>MFK 6302 TEKN\u0130K \u00d6ZELL\u0130KLER<\/h2>\n<table width=\"307\">\n<tbody>\n<tr>\n<td width=\"92\">Malzeme<\/td>\n<td width=\"8\">:<\/td>\n<td width=\"207\">Demir<\/td>\n<\/tr>\n<tr>\n<td>Alt \u00c7ap<\/td>\n<td>:<\/td>\n<td>17 cm<\/td>\n<\/tr>\n<tr>\n<td>\u00dcst \u00c7ap<\/td>\n<td>:<\/td>\n<td>10 cm<\/td>\n<\/tr>\n<tr>\n<td>Y\u00fckseklik<\/td>\n<td>:<\/td>\n<td>76 cm<\/td>\n<\/tr>\n<tr>\n<td>A\u011f\u0131rl\u0131k<\/td>\n<td>:<\/td>\n<td>4500 gr \u00b1 500 gr<\/td>\n<\/tr>\n<tr>\n<td>Boya<\/td>\n<td>:<\/td>\n<td>P\u00fcr\u00fczs\u00fcz Elektrostatik Boya<\/td>\n<\/tr>\n<tr>\n<td>Renk<\/td>\n<td>:<\/td>\n<td>Ye\u015fil<\/td>\n<\/tr>\n<tr>\n<td>Reflektif<\/td>\n<td>:<\/td>\n<td>2 Adet , Petekli<\/td>\n<\/tr>\n<tr>\n<td>Montaj<\/td>\n<td>:<\/td>\n<td>Kald\u0131r\u0131labilir<\/td>\n<\/tr>\n<\/tbody>\n<\/table>\n","protected":false},"excerpt":{"rendered":"<p>MFK 6302 TEKN\u0130K \u00d6ZELL\u0130KLER Malzeme : Demir Alt \u00c7ap : 17 cm \u00dcst \u00c7ap : 10 cm Y\u00fckseklik : 76 cm A\u011f\u0131rl\u0131k : 4500 gr&#8230;<\/p>\n","protected":false},"featured_media":6438,"comment_status":"open","ping_status":"closed","template":"","meta":[],"product_cat":[86,70],"product_tag":[],"_links":{"self":[{"href":"https:\/\/ozturkiselbiseleri.com\/index.php?rest_route=\/wp\/v2\/product\/6437"}],"collection":[{"href":"https:\/\/ozturkiselbiseleri.com\/index.php?rest_route=\/wp\/v2\/product"}],"about":[{"href":"https:\/\/ozturkiselbiseleri.com\/index.php?rest_route=\/wp\/v2\/types\/product"}],"replies":[{"embeddable":true,"href":"https:\/\/ozturkiselbiseleri.com\/index.php?rest_route=%2Fwp%2Fv2%2Fcomments&post=6437"}],"wp:featuredmedia":[{"embeddable":true,"href":"https:\/\/ozturkiselbiseleri.com\/index.php?rest_route=\/wp\/v2\/media\/6438"}],"wp:attachment":[{"href":"https:\/\/ozturkiselbiseleri.com\/index.php?rest_route=%2Fwp%2Fv2%2Fmedia&parent=6437"}],"wp:term":[{"taxonomy":"product_cat","embeddable":true,"href":"https:\/\/ozturkiselbiseleri.com\/index.php?rest_route=%2Fwp%2Fv2%2Fproduct_cat&post=6437"},{"taxonomy":"product_tag","embeddable":true,"href":"https:\/\/ozturkiselbiseleri.com\/index.php?rest_route=%2Fwp%2Fv2%2Fproduct_tag&post=6437"}],"curies":[{"name":"wp","href":"https:\/\/api.w.org\/{rel}","templated":true}]}}